{"id":780,"date":"2017-12-12T07:10:32","date_gmt":"2017-12-12T07:10:32","guid":{"rendered":"https:\/\/demoapus2.com\/yozi\/yozi234\/?post_type=product&#038;p=780"},"modified":"2023-01-04T06:08:27","modified_gmt":"2023-01-04T06:08:27","slug":"tlachia","status":"publish","type":"product","link":"https:\/\/queretaroemprende.com\/catalogo\/negocio\/tlachia\/","title":{"rendered":"TLACHIA"},"content":{"rendered":"<p>El sistema de desinfecci\u00f3n de personal suministra una soluci\u00f3n desinfectante en base agua que se roc\u00eda en forma de lluvia fina que tiene un efecto sanitizante y antis\u00e9ptico contra bacterias, hongos y virus que se encuentran en el ambiente, cabello, piel, ropa y objetos.<\/p>\n<p><a href=\"#\"><img loading=\"lazy\" decoding=\"async\" class=\"aligncenter wp-image-96 size-full\" src=\"http:\/\/localhost\/smartmarket\/wp-content\/uploads\/2017\/11\/sling-video-1.jpg\" alt=\"\" width=\"1169\" height=\"675\" srcset=\"https:\/\/queretaroemprende.com\/catalogo\/wp-content\/uploads\/2017\/11\/sling-video-1.jpg 1169w, https:\/\/queretaroemprende.com\/catalogo\/wp-content\/uploads\/2017\/11\/sling-video-1-600x346.jpg 600w, https:\/\/queretaroemprende.com\/catalogo\/wp-content\/uploads\/2017\/11\/sling-video-1-300x173.jpg 300w, https:\/\/queretaroemprende.com\/catalogo\/wp-content\/uploads\/2017\/11\/sling-video-1-1024x591.jpg 1024w, https:\/\/queretaroemprende.com\/catalogo\/wp-content\/uploads\/2017\/11\/sling-video-1-768x443.jpg 768w\" sizes=\"auto, (max-width: 1169px) 100vw, 1169px\" \/><\/a><br \/>\nVENTAJAS: Sensor de presencia que se activa solo cuando es necesario y sin contacto:<\/p>\n<div class=\"flex-middle row list-info\">\n<div class=\"col-sm-6\"><a href=\"http:\/\/localhost\/smartmarket\/wp-content\/uploads\/2017\/11\/single1-1.jpg\"><img loading=\"lazy\" decoding=\"async\" class=\"alignnone wp-image-91 size-full\" src=\"http:\/\/localhost\/smartmarket\/wp-content\/uploads\/2017\/11\/single1-1.jpg\" alt=\"\" width=\"788\" height=\"540\" srcset=\"https:\/\/queretaroemprende.com\/catalogo\/wp-content\/uploads\/2017\/11\/single1-1.jpg 788w, https:\/\/queretaroemprende.com\/catalogo\/wp-content\/uploads\/2017\/11\/single1-1-600x411.jpg 600w, https:\/\/queretaroemprende.com\/catalogo\/wp-content\/uploads\/2017\/11\/single1-1-300x206.jpg 300w, https:\/\/queretaroemprende.com\/catalogo\/wp-content\/uploads\/2017\/11\/single1-1-768x526.jpg 768w\" sizes=\"auto, (max-width: 788px) 100vw, 788px\" \/><\/a><\/div>\n<div class=\"col-sm-6\">\n<div class=\"text-detail\">\n<h3 class=\"title\">Product information<\/h3>\n<p>Lorem ipsum dolor sit amet, consectetur adipisicing elit, sed do eiusmod tempor incididunt ut labore et dolore magna aliqua. Ut enim ad minim veniam, quis nostrud exercitation ullamco laboris nisi ut aliquip ex ea commodo consequat. Duis aute irure dolor in reprehenderit in voluptate velit esse cillum dolore eu fugiat nulla pariatur. Excepteur sint occaecat cupidatat non proident, sunt in culpa qui officia deserunt mollit anim id est laborum. Sed ut perspiciatis unde omnis iste natus error sit voluptatem accusantium doloremque laudantium, totam rem aperiam, eaque ipsa quae ab illo inventore veritatis et quasi architecto beatae<\/p>\n<\/div>\n<\/div>\n<\/div>\n<div class=\"flex-middle row list-info\">\n<div class=\"col-sm-6\">\n<div class=\"text-detail\">\n<h3 class=\"title\">An incredible view<\/h3>\n<p>Lorem ipsum dolor sit amet, consectetur adipisicing elit, sed do eiusmod tempor incididunt ut labore et dolore magna aliqua. Ut enim ad minim veniam, quis nostrud exercitation ullamco laboris nisi ut aliquip ex ea commodo consequat. Duis aute irure dolor in reprehenderit in voluptate velit esse cillum dolore eu fugiat nulla pariatur. Excepteur sint occaecat cupidatat non proident, sunt in culpa qui officia deserunt mollit anim id est laborum. Sed ut perspiciatis unde omnis iste natus error sit voluptatem accusantium doloremque laudantium, totam rem aperiam, eaque ipsa quae ab illo inventore veritatis et quasi architecto beatae<\/p>\n<\/div>\n<\/div>\n<div class=\"col-sm-6\"><a href=\"http:\/\/localhost\/smartmarket\/wp-content\/uploads\/2017\/11\/single2-1.jpg\"><img loading=\"lazy\" decoding=\"async\" class=\"alignnone wp-image-92 size-full\" src=\"http:\/\/localhost\/smartmarket\/wp-content\/uploads\/2017\/11\/single2-1.jpg\" alt=\"\" width=\"786\" height=\"540\" srcset=\"https:\/\/queretaroemprende.com\/catalogo\/wp-content\/uploads\/2017\/11\/single2-1.jpg 786w, https:\/\/queretaroemprende.com\/catalogo\/wp-content\/uploads\/2017\/11\/single2-1-600x412.jpg 600w, https:\/\/queretaroemprende.com\/catalogo\/wp-content\/uploads\/2017\/11\/single2-1-300x206.jpg 300w, https:\/\/queretaroemprende.com\/catalogo\/wp-content\/uploads\/2017\/11\/single2-1-768x528.jpg 768w\" sizes=\"auto, (max-width: 786px) 100vw, 786px\" \/><\/a><\/div>\n<\/div>\n<div class=\"flex-middle row list-info\">\n<div class=\"col-sm-6\"><a href=\"http:\/\/localhost\/smartmarket\/wp-content\/uploads\/2017\/11\/sling3-1.jpg\"><img loading=\"lazy\" decoding=\"async\" class=\"alignnone wp-image-95 size-full\" src=\"http:\/\/localhost\/smartmarket\/wp-content\/uploads\/2017\/11\/sling3-1.jpg\" alt=\"\" width=\"784\" height=\"540\" srcset=\"https:\/\/queretaroemprende.com\/catalogo\/wp-content\/uploads\/2017\/11\/sling3-1.jpg 784w, https:\/\/queretaroemprende.com\/catalogo\/wp-content\/uploads\/2017\/11\/sling3-1-600x413.jpg 600w, https:\/\/queretaroemprende.com\/catalogo\/wp-content\/uploads\/2017\/11\/sling3-1-300x207.jpg 300w, https:\/\/queretaroemprende.com\/catalogo\/wp-content\/uploads\/2017\/11\/sling3-1-768x529.jpg 768w\" sizes=\"auto, (max-width: 784px) 100vw, 784px\" \/><\/a><\/div>\n<div class=\"col-sm-6\">\n<div class=\"text-detail\">\n<h3 class=\"title\">Best option for you!<\/h3>\n<p>Lorem ipsum dolor sit amet, consectetur adipisicing elit, sed do eiusmod tempor incididunt ut labore et dolore magna aliqua. Ut enim ad minim veniam, quis nostrud exercitation ullamco laboris nisi ut aliquip ex ea commodo consequat. Duis aute irure dolor in reprehenderit in voluptate velit esse cillum dolore eu fugiat nulla pariatur. Excepteur sint occaecat cupidatat non proident, sunt in culpa qui officia deserunt mollit anim id est laborum. Sed ut perspiciatis unde omnis iste natus error sit voluptatem accusantium doloremque laudantium, totam rem aperiam, eaque ipsa quae ab illo inventore veritatis et quasi architecto beatae<\/p>\n<\/div>\n<\/div>\n<\/div>\n","protected":false},"excerpt":{"rendered":"<p><img loading=\"lazy\" decoding=\"async\" class=\"alignnone size-full wp-image-1089\" src=\"https:\/\/queretaroemprende.com\/catalogo\/wp-content\/uploads\/2018\/01\/logo-blue.png\" alt=\"\" width=\"136\" height=\"28\" \/><\/p>\n<p>&#8211; 4X more pixels than Full HD means you\u2019re getting 4X the resolution, so you\u2019ll clearly see the difference.<br \/>\n&#8211; See vibrant and pure color for a realistic experience.<br \/>\n&#8211; OneRemote automatically detects and controls all your connected devices and content with no manual<br \/>\nprogramming required*.<br \/>\n&#8211; Smooth action on fast-moving content with Motion Rate 120<\/p>\n","protected":false},"featured_media":769,"template":"","meta":[],"product_cat":[60],"product_tag":[],"class_list":["post-780","product","type-product","status-publish","has-post-thumbnail","hentry","product_cat-sanitizacion"],"_links":{"self":[{"href":"https:\/\/queretaroemprende.com\/catalogo\/wp-json\/wp\/v2\/product\/780","targetHints":{"allow":["GET"]}}],"collection":[{"href":"https:\/\/queretaroemprende.com\/catalogo\/wp-json\/wp\/v2\/product"}],"about":[{"href":"https:\/\/queretaroemprende.com\/catalogo\/wp-json\/wp\/v2\/types\/product"}],"wp:featuredmedia":[{"embeddable":true,"href":"https:\/\/queretaroemprende.com\/catalogo\/wp-json\/wp\/v2\/media\/769"}],"wp:attachment":[{"href":"https:\/\/queretaroemprende.com\/catalogo\/wp-json\/wp\/v2\/media?parent=780"}],"wp:term":[{"taxonomy":"product_cat","embeddable":true,"href":"https:\/\/queretaroemprende.com\/catalogo\/wp-json\/wp\/v2\/product_cat?post=780"},{"taxonomy":"product_tag","embeddable":true,"href":"https:\/\/queretaroemprende.com\/catalogo\/wp-json\/wp\/v2\/product_tag?post=780"}],"curies":[{"name":"wp","href":"https:\/\/api.w.org\/{rel}","templated":true}]}}